alculate the remainder when 88813913 is divided by 765637.
21
Calculate the remainder when 12542220 is divided by 8845.
10
Calculate the remainder when 345216 is divided by 756.
480
Calculate the remainder when 36884 is divided by 36855.
29
Calculate the remainder when 14422518 is divided by 118.
86
What is the remainder when 3833971 is divided by 28189?
267
What is the remainder when 46149 is divided by 14304?
3237
What is the remainder when 276984 is divided by 19783?
22
Calculate the remainder when 12903 is divided by 491.
137
What is the remainder when 1406457 is divided by 200919?
24
Calculate the remainder when 17151050 is divided by 222.
218
Calculate the remainder when 347579 is divided by 173773.
33
What is the remainder when 40632494 is divided by 211?
13
What is the remainder when 118590 is divided by 22?
10
What is the remainder when 1300634 is divided by 11?
5
What is the remainder when 237102 is divided by 237076?
26
What is the remainder when 28903 is divided by 33?
28
What is the remainder when 44174 is divided by 254?
232
What is the remainder when 38461 is divided by 12552?
805
Calculate the remainder when 754258 is divided by 16.
2
What is the remainder when 1412958 is divided by 35323?
38
What is the remainder when 389316 is divided by 64885?
6
What is the remainder when 3671682 is divided by 45?
42
Calculate the remainder when 592109 is divided by 21019.
3577
What is the remainder when 3665903 is divided by 4718?
17
What is the remainder when 4996664 is divided by 37?
36
What is the remainder when 26796168 is divided by 1936?
1928
What is the remainder when 813606945 is divided by 2523?
2520
What is the remainder when 1552837 is divided by 21?
13
What is the remainder when 15678220 is divided by 361?
351
Calculate the remainder when 238670472 is divided by 3124.
3120
Calculate the remainder when 36384 is divided by 4342.
1648
Calculate the remainder when 1032194 is divided by 2330.
4
Calculate the remainder when 6739448 is divided by 16.
8
Calculate the remainder when 55738723 is divided by 203.
201
Calculate the remainder when 25395 is divided by 2811.
96
What is the remainder when 24400 is divided by 4045?
130
What is the remainder when 61009 is divided by 8394?
2251
Calculate the remainder when 490359190 is divided by 201.
193
Calculate the remainder when 160858 is divided by 16073.
128
Calculate the remainder when 72446 is divided by 123.
122
What is the remainder when 880045 is divided by 66?
1
What is the remainder when 490276 is divided by 2663?
284
What is the remainder when 2800788 is divided by 13?
3
What is the remainder when 272657 is divided by 24594?
2123
What is the remainder when 121223676 is divided by 4848947?
1
Calculate the remainder when 158288323 is divided by 28.
11
Calculate the remainder when 105788 is divided by 3509.
518
What is the remainder when 109156139 is divided by 908?
11
What is the remainder when 484140 is divided by 931?
20
Calculate the remainder when 330852 is divided by 752.
724
Calculate the remainder when 14413 is divided by 2602.
1403
What is the remainder when 313480 is divided by 1289?
253
What is the remainder when 117326 is divided by 247?
1
What is the remainder when 122802 is divided by 122783?
19
Calculate the remainder when 8522660 is divided by 73.
56
What is the remainder when 1208522 is divided by 604251?
20
What is the remainder when 3932840 is divided by 957?
527
What is the remainder when 260787 is divided by 2694?
2163
What is the remainder when 1763638 is divided by 12?
10
What is the remainder when 301972 is divided by 9?
4
Calculate the remainder when 5060338 is divided by 90.
88
Calculate the remainder when 901844 is divided by 1521.
1412
Calculate the remainder when 1187309007 is divided by 201.
198
Calculate the remainder when 144293227 is divided by 180.
7
What is the remainder when 12720 is divided by 3109?
284
What is the remainder when 48841 is divided by 18?
7
What is the remainder when 113277 is divided by 249?
231
What is the remainder when 12695692 is divided by 1898?
1868
What is the remainder when 727195 is divided by 1348?
623
What is the remainder when 6882618 is divided by 18112?
58
Calculate the remainder when 132655 is divided by 330.
325
What is the remainder when 1028684 is divided by 5652?
20
Calculate the remainder when 58041843 is divided by 90.
33
What is the remainder when 14829130 is divided by 369?
127
What is the remainder when 77754821 is divided by 204?
17
What is the remainder when 1385514 is divided by 8769?
12
Calculate the remainder when 27274684 is divided by 1472.
1468
Calculate the remainder when 428995 is divided by 169.
73
What is the remainder when 874261 is divided by 54540?
1621
Calculate the remainder when 552205 is divided by 184011.
172
Calculate the remainder when 8721846 is divided by 545114.
22
Calculate the remainder when 716577637 is divided by 1145.
1142
What is the remainder when 97570 is divided by 1548?
46
Calculate the remainder when 2125496 is divided by 545.
541
What is the remainder when 303314 is divided by 60660?
14
Calculate the remainder when 5052038 is divided by 151.
31
Calculate the remainder when 521531 is divided by 5925.
131
Calculate the remainder when 1203874 is divided by 3255.
2779
What is the remainder when 1620888 is divided by 13?
9
What is the remainder when 434838634 is divided by 6145?
6144
Calculate the remainder when 5659114 is divided by 117898.
10
What is the remainder when 24902 is divided by 4549?
2157
What is the remainder when 53765419 is divided by 51?
46
Calculate the remainder when 3397547 is divided by 53.
35
Calculate the remainder when 5854347 is divided by 5854337.
10
What is the remainder when 17397105 is divided by 1519?
1517
Calculate the remainder when 12718 is divided by 4040.
598
Calculate the remainder when 9120300 is divided by 3531.
3258
What is the remainder when 445194 is divided by 74046?
918
What is the remainder when 25717 is divided by 337?
105
What is the remainder when 106349 is divided by 35149?
902
Calculate the remainder when 44214 is divided by 7358.
66
Calculate the remainder when 1083966630 is divided by 7.
5
What is the remainder when 239372 is divided by 9052?
4020
What is the remainder when 281185 is divided by 6685?
415
What is the remainder when 240216 is divided by 12634?
170
What is the remainder when 10482291 is divided by 24?
3
What is the remainder when 323907695 is divided by 6894?
6893
What is the remainder when 1276371 is divided by 182263?
530
Calculate the remainder when 748134 is divided by 229.
220
What is the remainder when 35212 is divided by 257?
3
What is the remainder when 49824 is divided by 1749?
852
Calculate the remainder when 19888237 is divided by 3950.
3937
Calculate the remainder when 3881091 is divided by 571.
4
What is the remainder when 7233350 is divided by 1979?
105
What is the remainder when 77742937 is divided by 10?
7
Calculate the remainder when 2910472 is divided by 82.
46
Calculate the remainder when 5691645 is divided by 2533.
2527
Calculate the remainder when 1668919 is divided by 681.
469
What is the remainder when 2539407 is divided by 141078?
3
Calculate the remainder when 85664 is divided by 26.
20
Calculate the remainder when 942726 is divided by 812.
806
What is the remainder when 2046854 is divided by 585?
524
Calculate the remainder when 2447214 is divided by 546.
42
Calculate the remainder when 512542 is divided by 388.
382
What is the remainder when 48604203 is divided by 313?
311
What is the remainder when 22503685 is divided by 3174?
25
What is the remainder when 153842380 is divided by 1728566?
6
Calculate the remainder when 86347371 is divided by 514.
511
Calculate the remainder when 1175976264 is divided by 9973.
9969
Calculate the remainder when 3105045 is divided by 776158.
413
Calculate the remainder when 10013602 is divided by 26.
14
What is the remainder when 208676 is divided by 10982?
18
What is the remainder when 6575406 is divided by 27?
15
What is the remainder when 761285 is divided by 1345?
15
Calculate the remainder when 4462751 is divided by 731.
727
Calculate the remainder when 8871135 is divided by 8.
7
Calculate the remainder when 26421138 is divided by 514.
510
What is 